{"id":2841,"date":"2024-04-15T09:54:11","date_gmt":"2024-04-15T09:54:11","guid":{"rendered":"https:\/\/unruffled-carver.54-38-190-255.plesk.page\/?page_id=2841"},"modified":"2024-04-15T18:53:41","modified_gmt":"2024-04-15T18:53:41","slug":"conditions-generales-de-ventes","status":"publish","type":"page","link":"https:\/\/unruffled-carver.54-38-190-255.plesk.page\/index.php\/conditions-generales-de-ventes\/","title":{"rendered":"Conditions G\u00e9n\u00e9rales de Ventes"},"content":{"rendered":"\n<p><\/p>\n\n\n\n<h2 class=\"wp-block-heading\">Conditions G\u00e9n\u00e9rales de Vente (CGV) de MILFLEURS<\/h2>\n\n\n\n<p><strong>Article 1 : Objet<\/strong><\/p>\n\n\n\n<p>Les pr\u00e9sentes Conditions G\u00e9n\u00e9rales de Vente d\u00e9terminent les droits et obligations des parties dans le cadre de la vente en ligne de produits propos\u00e9s par MILFLEURS, dont le si\u00e8ge social est situ\u00e9 \u00e0 Immeuble West Side, 19 Rue Ferdinand Forest, Baie-Mahault 97122, Guadeloupe.<\/p>\n\n\n\n<p><strong>Article 2 : Dispositions g\u00e9n\u00e9rales<\/strong><\/p>\n\n\n\n<p>Les pr\u00e9sentes Conditions G\u00e9n\u00e9rales de Vente (CGV) r\u00e9gissent les ventes de produits effectu\u00e9es \u00e0 travers le site Internet de MILFLEURS et sont partie int\u00e9grante du Contrat entre l&#8217;Acheteur et le Vendeur. Le Vendeur se r\u00e9serve la possibilit\u00e9 de modifier ces conditions, \u00e0 tout moment par la publication d&#8217;une nouvelle version sur son site Internet. Les CGV applicables alors sont celles \u00e9tant en vigueur \u00e0 la date du paiement de la commande.<\/p>\n\n\n\n<p><strong>Article 3 : Produits<\/strong><\/p>\n\n\n\n<p>Les produits propos\u00e9s sont ceux qui figurent sur le site MILFLEURS. Chaque produit est accompagn\u00e9 d\u2019une description \u00e9labor\u00e9e par le vendeur. Les photographies des produits sont les plus fid\u00e8les possibles mais ne garantissent pas une similitude parfaite avec le produit offert, notamment en ce qui concerne les couleurs. Il peut avoir des l\u00e9g\u00e8res variations en fonction de la disponibilit\u00e9 des fleurs. Cependant la ligne g\u00e9n\u00e9rale de la composition reste inchang\u00e9e.<\/p>\n\n\n\n<p><strong>Article 4 : Prix<\/strong><\/p>\n\n\n\n<p>Les prix des produits vendus au travers des sites Internet sont indiqu\u00e9s en Euros hors taxes et pr\u00e9cis\u00e9ment d\u00e9termin\u00e9s sur les pages de descriptifs des Produits. Ils sont \u00e9galement indiqu\u00e9s en euros toutes taxes comprises (TVA + autres taxes) sur la page de commande des produits, et hors frais sp\u00e9cifiques d&#8217;exp\u00e9dition. MILFLEURS se r\u00e9serve le droit de modifier ses prix \u00e0 tout moment pour l\u2019avenir.<\/p>\n\n\n\n<p><strong>Article 5 : Conclusion du contrat en ligne<\/strong><\/p>\n\n\n\n<p>Le client devra suivre une s\u00e9rie d&#8217;\u00e9tapes sp\u00e9cifiques \u00e0 chaque produit propos\u00e9 par le Vendeur pour pouvoir r\u00e9aliser sa commande. Toutefois, les \u00e9tapes d\u00e9crites ci-apr\u00e8s sont syst\u00e9matiques : \u27a2 Information sur les caract\u00e9ristiques essentielles du Produit; \u27a2 Choix du Produit, le cas \u00e9ch\u00e9ant, de ses options et indication des donn\u00e9es essentielles du Client (identification, adresse&#8230;); \u27a2 Acceptation des pr\u00e9sentes Conditions G\u00e9n\u00e9rales de Vente. \u27a2 V\u00e9rification des \u00e9l\u00e9ments de la commande et, le cas \u00e9ch\u00e9ant, correction des erreurs. \u27a2 Suivi des instructions pour le paiement, et paiement des produits. \u27a2 Livraison des produits. Le client recevra alors confirmation par courrier \u00e9lectronique du paiement de la commande, ainsi qu\u2019un accus\u00e9 de r\u00e9ception de la commande la confirmant.<\/p>\n\n\n\n<p><strong>Article 6 : Moyens de paiement<\/strong><\/p>\n\n\n\n<p>Vous pouvez effectuer le r\u00e8glement par carte de paiement ou via PayPal. Les paiements par carte bancaire sont r\u00e9alis\u00e9s par des transactions s\u00e9curis\u00e9es fournies par l\u2019op\u00e9rateur OVH sur serveur d\u00e9di\u00e9 PLESK.<\/p>\n\n\n\n<p><strong>Article 7 : Livraison<\/strong><\/p>\n\n\n\n<p>Les produits sont livr\u00e9s exclusivement en Guadeloupe \u00e0 l&#8217;adresse indiqu\u00e9e par le client lors de la commande et dans les d\u00e9lais indiqu\u00e9s. En cas de retard d&#8217;exp\u00e9dition, un mail vous sera adress\u00e9 pour vous informer d\u2019une \u00e9ventuelle cons\u00e9quence sur le d\u00e9lai de livraison qui vous a \u00e9t\u00e9 indiqu\u00e9.<\/p>\n\n\n\n<p><strong>Article 8 : Fourniture des services<\/strong><\/p>\n\n\n\n<p>La responsabilit\u00e9 du Vendeur ne peut \u00eatre engag\u00e9e en cas de non-respect des dispositions l\u00e9gislatives ou r\u00e9glementaires en vigueur dans le pays de r\u00e9ception, la responsabilit\u00e9 de MILFLEURS est syst\u00e9matiquement limit\u00e9e \u00e0 la valeur du Produit mis en cause, valeur \u00e0 sa date de vente et ce sans possibilit\u00e9s de recours envers la marque ou la soci\u00e9t\u00e9 productrice du produit.<\/p>\n\n\n\n<p><strong>Article 9 : Droit de r\u00e9tractation<\/strong><\/p>\n\n\n\n<p>Conform\u00e9ment \u00e0 la l\u00e9gislation en vigueur en mati\u00e8re<\/p>\n","protected":false},"excerpt":{"rendered":"<p>Conditions G\u00e9n\u00e9rales de Vente (CGV) de MILFLEURS Article 1 : Objet Les pr\u00e9sentes Conditions G\u00e9n\u00e9rales de Vente d\u00e9terminent les droits et obligations des parties dans le cadre de la vente en ligne de produits propos\u00e9s par MILFLEURS, dont le si\u00e8ge social est situ\u00e9 \u00e0 Immeuble West Side, 19 Rue Ferdinand Forest, Baie-Mahault 97122, Guadeloupe. Article [&hellip;]<\/p>\n","protected":false},"author":1,"featured_media":0,"parent":0,"menu_order":0,"comment_status":"closed","ping_status":"closed","template":"","meta":{"footnotes":""},"class_list":["post-2841","page","type-page","status-publish","hentry","notblog"],"yoast_head":"<!-- This site is optimized with the Yoast SEO plugin v20.10 - https:\/\/yoast.com\/wordpress\/plugins\/seo\/ -->\n<title>Conditions G\u00e9n\u00e9rales de Ventes - MILFLEURS - Site Internet de Vente de Fleurs en ligne - Guadeloupe<\/title>\n<meta name=\"robots\" content=\"index, follow, max-snippet:-1, max-image-preview:large, max-video-preview:-1\" \/>\n<link rel=\"canonical\" href=\"https:\/\/unruffled-carver.54-38-190-255.plesk.page\/index.php\/conditions-generales-de-ventes\/\" \/>\n<meta property=\"og:locale\" content=\"fr_FR\" \/>\n<meta property=\"og:type\" content=\"article\" \/>\n<meta property=\"og:title\" content=\"Conditions G\u00e9n\u00e9rales de Ventes - MILFLEURS - Site Internet de Vente de Fleurs en ligne - Guadeloupe\" \/>\n<meta property=\"og:description\" content=\"Conditions G\u00e9n\u00e9rales de Vente (CGV) de MILFLEURS Article 1 : Objet Les pr\u00e9sentes Conditions G\u00e9n\u00e9rales de Vente d\u00e9terminent les droits et obligations des parties dans le cadre de la vente en ligne de produits propos\u00e9s par MILFLEURS, dont le si\u00e8ge social est situ\u00e9 \u00e0 Immeuble West Side, 19 Rue Ferdinand Forest, Baie-Mahault 97122, Guadeloupe. Article [&hellip;]\" \/>\n<meta property=\"og:url\" content=\"https:\/\/unruffled-carver.54-38-190-255.plesk.page\/index.php\/conditions-generales-de-ventes\/\" \/>\n<meta property=\"og:site_name\" content=\"MILFLEURS - Site Internet de Vente de Fleurs en ligne - Guadeloupe\" \/>\n<meta property=\"article:modified_time\" content=\"2024-04-15T18:53:41+00:00\" \/>\n<meta name=\"twitter:card\" content=\"summary_large_image\" \/>\n<meta name=\"twitter:label1\" content=\"Dur\u00e9e de lecture estim\u00e9e\" \/>\n\t<meta name=\"twitter:data1\" content=\"3 minutes\" \/>\n<script type=\"application\/ld+json\" class=\"yoast-schema-graph\">{\"@context\":\"https:\/\/schema.org\",\"@graph\":[{\"@type\":\"WebPage\",\"@id\":\"https:\/\/unruffled-carver.54-38-190-255.plesk.page\/index.php\/conditions-generales-de-ventes\/\",\"url\":\"https:\/\/unruffled-carver.54-38-190-255.plesk.page\/index.php\/conditions-generales-de-ventes\/\",\"name\":\"Conditions G\u00e9n\u00e9rales de Ventes - MILFLEURS - Site Internet de Vente de Fleurs en ligne - Guadeloupe\",\"isPartOf\":{\"@id\":\"https:\/\/unruffled-carver.54-38-190-255.plesk.page\/#website\"},\"datePublished\":\"2024-04-15T09:54:11+00:00\",\"dateModified\":\"2024-04-15T18:53:41+00:00\",\"breadcrumb\":{\"@id\":\"https:\/\/unruffled-carver.54-38-190-255.plesk.page\/index.php\/conditions-generales-de-ventes\/#breadcrumb\"},\"inLanguage\":\"fr-FR\",\"potentialAction\":[{\"@type\":\"ReadAction\",\"target\":[\"https:\/\/unruffled-carver.54-38-190-255.plesk.page\/index.php\/conditions-generales-de-ventes\/\"]}]},{\"@type\":\"BreadcrumbList\",\"@id\":\"https:\/\/unruffled-carver.54-38-190-255.plesk.page\/index.php\/conditions-generales-de-ventes\/#breadcrumb\",\"itemListElement\":[{\"@type\":\"ListItem\",\"position\":1,\"name\":\"Accueil\",\"item\":\"https:\/\/unruffled-carver.54-38-190-255.plesk.page\/\"},{\"@type\":\"ListItem\",\"position\":2,\"name\":\"Conditions G\u00e9n\u00e9rales de Ventes\"}]},{\"@type\":\"WebSite\",\"@id\":\"https:\/\/unruffled-carver.54-38-190-255.plesk.page\/#website\",\"url\":\"https:\/\/unruffled-carver.54-38-190-255.plesk.page\/\",\"name\":\"MILFLEURS - Site Internet de Vente de Fleurs en ligne - Guadeloupe\",\"description\":\"Une Histoire de fleur\",\"potentialAction\":[{\"@type\":\"SearchAction\",\"target\":{\"@type\":\"EntryPoint\",\"urlTemplate\":\"https:\/\/unruffled-carver.54-38-190-255.plesk.page\/?s={search_term_string}\"},\"query-input\":\"required name=search_term_string\"}],\"inLanguage\":\"fr-FR\"}]}<\/script>\n<!-- \/ Yoast SEO plugin. -->","yoast_head_json":{"title":"Conditions G\u00e9n\u00e9rales de Ventes - MILFLEURS - Site Internet de Vente de Fleurs en ligne - Guadeloupe","robots":{"index":"index","follow":"follow","max-snippet":"max-snippet:-1","max-image-preview":"max-image-preview:large","max-video-preview":"max-video-preview:-1"},"canonical":"https:\/\/unruffled-carver.54-38-190-255.plesk.page\/index.php\/conditions-generales-de-ventes\/","og_locale":"fr_FR","og_type":"article","og_title":"Conditions G\u00e9n\u00e9rales de Ventes - MILFLEURS - Site Internet de Vente de Fleurs en ligne - Guadeloupe","og_description":"Conditions G\u00e9n\u00e9rales de Vente (CGV) de MILFLEURS Article 1 : Objet Les pr\u00e9sentes Conditions G\u00e9n\u00e9rales de Vente d\u00e9terminent les droits et obligations des parties dans le cadre de la vente en ligne de produits propos\u00e9s par MILFLEURS, dont le si\u00e8ge social est situ\u00e9 \u00e0 Immeuble West Side, 19 Rue Ferdinand Forest, Baie-Mahault 97122, Guadeloupe. Article [&hellip;]","og_url":"https:\/\/unruffled-carver.54-38-190-255.plesk.page\/index.php\/conditions-generales-de-ventes\/","og_site_name":"MILFLEURS - Site Internet de Vente de Fleurs en ligne - Guadeloupe","article_modified_time":"2024-04-15T18:53:41+00:00","twitter_card":"summary_large_image","twitter_misc":{"Dur\u00e9e de lecture estim\u00e9e":"3 minutes"},"schema":{"@context":"https:\/\/schema.org","@graph":[{"@type":"WebPage","@id":"https:\/\/unruffled-carver.54-38-190-255.plesk.page\/index.php\/conditions-generales-de-ventes\/","url":"https:\/\/unruffled-carver.54-38-190-255.plesk.page\/index.php\/conditions-generales-de-ventes\/","name":"Conditions G\u00e9n\u00e9rales de Ventes - MILFLEURS - Site Internet de Vente de Fleurs en ligne - Guadeloupe","isPartOf":{"@id":"https:\/\/unruffled-carver.54-38-190-255.plesk.page\/#website"},"datePublished":"2024-04-15T09:54:11+00:00","dateModified":"2024-04-15T18:53:41+00:00","breadcrumb":{"@id":"https:\/\/unruffled-carver.54-38-190-255.plesk.page\/index.php\/conditions-generales-de-ventes\/#breadcrumb"},"inLanguage":"fr-FR","potentialAction":[{"@type":"ReadAction","target":["https:\/\/unruffled-carver.54-38-190-255.plesk.page\/index.php\/conditions-generales-de-ventes\/"]}]},{"@type":"BreadcrumbList","@id":"https:\/\/unruffled-carver.54-38-190-255.plesk.page\/index.php\/conditions-generales-de-ventes\/#breadcrumb","itemListElement":[{"@type":"ListItem","position":1,"name":"Accueil","item":"https:\/\/unruffled-carver.54-38-190-255.plesk.page\/"},{"@type":"ListItem","position":2,"name":"Conditions G\u00e9n\u00e9rales de Ventes"}]},{"@type":"WebSite","@id":"https:\/\/unruffled-carver.54-38-190-255.plesk.page\/#website","url":"https:\/\/unruffled-carver.54-38-190-255.plesk.page\/","name":"MILFLEURS - Site Internet de Vente de Fleurs en ligne - Guadeloupe","description":"Une Histoire de fleur","potentialAction":[{"@type":"SearchAction","target":{"@type":"EntryPoint","urlTemplate":"https:\/\/unruffled-carver.54-38-190-255.plesk.page\/?s={search_term_string}"},"query-input":"required name=search_term_string"}],"inLanguage":"fr-FR"}]}},"_links":{"self":[{"href":"https:\/\/unruffled-carver.54-38-190-255.plesk.page\/index.php\/wp-json\/wp\/v2\/pages\/2841","targetHints":{"allow":["GET"]}}],"collection":[{"href":"https:\/\/unruffled-carver.54-38-190-255.plesk.page\/index.php\/wp-json\/wp\/v2\/pages"}],"about":[{"href":"https:\/\/unruffled-carver.54-38-190-255.plesk.page\/index.php\/wp-json\/wp\/v2\/types\/page"}],"author":[{"embeddable":true,"href":"https:\/\/unruffled-carver.54-38-190-255.plesk.page\/index.php\/wp-json\/wp\/v2\/users\/1"}],"replies":[{"embeddable":true,"href":"https:\/\/unruffled-carver.54-38-190-255.plesk.page\/index.php\/wp-json\/wp\/v2\/comments?post=2841"}],"version-history":[{"count":4,"href":"https:\/\/unruffled-carver.54-38-190-255.plesk.page\/index.php\/wp-json\/wp\/v2\/pages\/2841\/revisions"}],"predecessor-version":[{"id":2986,"href":"https:\/\/unruffled-carver.54-38-190-255.plesk.page\/index.php\/wp-json\/wp\/v2\/pages\/2841\/revisions\/2986"}],"wp:attachment":[{"href":"https:\/\/unruffled-carver.54-38-190-255.plesk.page\/index.php\/wp-json\/wp\/v2\/media?parent=2841"}],"curies":[{"name":"wp","href":"https:\/\/api.w.org\/{rel}","templated":true}]}}